-8
Let n(g) = 2*g + 3. Suppose 5*k = 5*b + 20, 0*b - 4*b + 2*k = 14. Let h be n(b). Let s(y) = -3*y - 3. Determine s(h).
6
Let w be (-1 - 1)*(-1)/2. Let v(j) = j**3 - 7*j**2 - j + 10. Let g be v(7). Let k(h) = 12*h + g*h - 4*h. Give k(w).
11
Let l(u) = u**2 - u. Let o(g) = -g - 1. Let r(z) = -l(z) + 2*o(z). What is r(0)?
-2
Let s(v) = 2 - 6 - v**2 + 7*v + 2. Let w(c) = -2*c - 23. Let h be w(-13). Calculate s(h).
10
Let p(l) = -l**3 - l**2 + 3*l + 1. Let t(m) = m**3 + 8*m**2 - 8*m + 9. Let o be t(-9). Suppose o*g = -g. Suppose g = -s - s - 4. Determine p(s).
-1
Let q(i) = -1 - 2 - 128*i + i**3 - 2*i**2 + 263*i - 131*i. Determine q(2).
5
Let k(u) be the first derivative of -u**2/2 - u - 21. Give k(2).
-3
Let r(i) = -i**3 - 2*i**2 - 2. Let a(b) = -b**2 + 6*b. Let o be a(5). Suppose -5*h = o + 5. Calculate r(h).
-2
Let g(o) = 15 - 6 - 10 + 2*o**2 - o + 5*o**2. Give g(-1).
7
Let h(t) = 5*t**2 + 10*t - 6. Let l(o) = o**2 + o - 1. Let k(d) = -h(d) + 4*l(d). Suppose 0 = -5*u - a - 33 + 6, -5*u + 4*a = 42. Calculate k(u).
2
Let a(o) be the first derivative of -11*o**2/2 - 7. Calculate a(1).
-11
Let p(o) = -5 + o**2 + 0*o + o - 2. Suppose -2*c + 5 = 5. Determine p(c).
-7
Suppose -3*p - 2*o = 15, -3*p + 5*o - 1 + 7 = 0. Let s(i) = 5 - 2 - 2 + 2*i. Give s(p).
-5
Let d = 5 + -5. Let o(q) = -q - 6. Give o(d).
-6
Let r(v) = -v**2 + 11*v - 19. Let g be r(9). Let k(d) = -2*d**2 + d. Give k(g).
-3
Let z(w) = -w. Let l(i) = -5*i - 1. Let j(n) = -2*l(n) + 9*z(n). Determine j(0).
2
Let g(c) = -c**3 - 3*c**2 - 3*c - 8. Let y be g(-3). Let b(f) = -8*f + 2. Calculate b(y).
-6
Let z(r) = 3. Let h(o) = 7*o - 5. Let a(k) = k. Let f(d) = 6*a(d) - h(d). Let n(b) = 3*f(b) - 5*z(b). Let x = 7 - 6. What is n(x)?
-3
Let w(r) = r**2 - 17*r + 11. Let n(a) = -a**2 + 19*a - 11. Let u(h) = -3*n(h) - 4*w(h). Give u(8).
13
Let o = -6 + 8. Let u(t) = 2 - 1 - t - t**2 + 1. Determine u(o).
-4
Suppose -4*w - 17 = -5, -17 = -4*i + 3*w. Let o(p) = 3*p**i + 2*p - 2*p**2 - 2*p - 1. Let r be o(-2). Let b(n) = -2*n + 2. Determine b(r).
-4
Let z(q) = q**2 + 8*q - 4. Let g be z(-9). Let p(n) = 5*n**3 - 3. Let v(j) = 11*j**3 - 7. Let d(u) = g*p(u) - 2*v(u). Suppose -2*s - s = 3. Give d(s).
-4
Let c(h) = 1 - h + 2*h + 3. Suppose 7 = j - 1. Suppose 0*p - j = 2*p. Give c(p).
0
Let x be 3/2*(3 + -1). Let s(b) = 0*b**2 - 2*b**2 + 3*b + 0*b**2 + 2. Give s(x).
-7
Let o(i) = -2*i**2 - 4*i - 3. Suppose 11*f + 10 + 23 = 0. What is o(f)?
-9
Let u(q) = 6*q**2 + 4*q + 2. Suppose -4 = -4*m - 12. Calculate u(m).
18
Let c(g) = -g**3 - g**2 - 1. Let a(l) = 6*l**3 + l**2 + 2*l + 1. Let r(i) = a(i) + 5*c(i). Calculate r(4).
4
Let t(m) = m - 5. Let v(s) = -s**2 - 5*s + 4. Let z be v(-5). Calculate t(z).
-1
Let y(k) = -10*k + 1. Let v(s) = -30*s + 3. Let j(h) = 4*v(h) - 11*y(h). Give j(-1).
11
Let v(a) = a**2 + 6*a - 4. Let b be v(-6). Let u(i) = -7*i + 3. Let h(n) = -8*n + 3. Let g(x) = b*u(x) + 3*h(x). What is g(2)?
5
Let y(j) = j**3 - 4*j**2 - j + 3. Let p = -15 + 19. Give y(p).
-1
Let y(f) be the third derivative of -f**6/120 - f**4/12 - f**3/6 + f**2. Determine y(-1).
2
Let w(s) = -2*s**2 + 3 + 3*s - s + s**3 - 2*s**3. Let j(f) = f**3 - 5*f**2 + 3*f - 17. Let m be j(5). Give w(m).
-1
Suppose -2*l - 6 = 3*d - 22, -5*l + 10 = 0. Suppose 7 = d*t - 5. Let u(h) = h**3 - 3*h**2 - 2. Determine u(t).
-2
Let q(u) be the first derivative of u**4/8 + 2*u**3/3 - u**2/2 - 6. Let y(k) be the second derivative of q(k). Calculate y(-5).
-11
Let i(v) = -3*v - 4. Let d(a) = a - 1. Let m(c) = -2*d(c) - i(c). Let b(f) = -5*f**2 - 1. Let q be b(-1). What is m(q)?
0
Let q(r) = 1 - 2*r**2 + 0*r**2 + r + r**3 + 3*r**2. Let c = -92 + 92. Give q(c).
1
Let h be 2/9 + (-68)/(-18). Let t(w) = 6 - 12 + w - h + 3. What is t(6)?
-1
Let j(n) = -n**2 + 4*n + 7. Let f be j(5). Suppose 4*l - 2 = 3*s - 1, l = 1. Let z(h) = 0*h**2 - s - f*h**2 + h**2 + 4*h. Calculate z(2).
3
Suppose 4*z - 16 = 0, 3*p - 55 + 23 = -5*z. Let v = p + -6. Let n(h) = -9*h**2 + 3*h + 5. Let f(m) = 8*m**2 - 2*m - 4. Let r(t) = 6*f(t) + 5*n(t). What is r(v)?
7
Let s(g) be the second derivative of -g**5/20 - 5*g**4/12 - g**3/2 - g**2 + 5*g. Determine s(-4).
-6
Let c(r) = r**3 + r**2 - r - 1. Suppose u + 2*u - 78 = 0. Suppose -3*o = -5*h - u, -5*h - 33 = -2*o - 2*o. Let g(d) = d - 5. Let z be g(o). Calculate c(z).
9
Let g(s) = -s**3 + 5*s**2 - 5*s - 3. Let h(y) = -y**2 + 6*y - 3. Let j be h(5). Suppose -j*p + 0 + 4 = -2*l, -4*p = l - 18. Calculate g(p).
-7
Let i(j) be the third derivative of -5/24*j**4 - 1/3*j**3 + 0 + 0*j + 2*j**2 - 1/60*j**5. Give i(-4).
2
Let z(a) = a**2 - 5*a - 4. Let d(p) = p**2 - p + 4. Let k be d(4). Suppose -3*g + k = g. Determine z(g).
-8
Let n(b) = b. Let z = -5 + 15. Let y = z - 5. Determine n(y).
5
Let h(j) = -6*j - 6. Let c(s) = -5*s - 5. Let t(q) = -4*c(q) + 3*h(q). Calculate t(-5).
-8
Let y be 15/6*((-48)/15)/2. Let a(s) = 2*s + 3. Calculate a(y).
-5
Let d(l) = -53*l - 56*l - l**3 + 7*l**2 + 104*l. Calculate d(6).
6
Let t(p) = -p**2 - p - 11. Suppose -7 = -4*n + 5. Suppose 2*y = 5*y - v - n, -15 = -5*y + 5*v. Give t(y).
-11
Suppose -3*z + w = 4, 3*z + 3 - 19 = 5*w. Let r(u) = -u**3 - 2*u**2 - 4. Give r(z).
5
Let m(g) = g**3 - 4*g**2 - g - 4. Let j be m(4). Let b = j - -10. Suppose -5*d + b*d = -3. Let f(c) = -c**3 + 1. Give f(d).
0
Suppose 4*r - 2*k - 62 = r, -20 = 5*k. Let c be r/4*4/6. Let v(f) = 3 - f - c. Determine v(-5).
5
Let m(g) = 5*g. Suppose -2 = -7*t + 5*t. Calculate m(t).
5
Suppose -3*y + 0*y = -9. Let k(u) = -3 + 2 - u**2 - y*u + 2*u - 6*u**3. Suppose 2*p + 0*p = 4*t + 14, 4*t = -2*p - 18. What is k(p)?
5
Let f = 21 - 18. Let a(k) = -f*k**2 + 2*k**2 + 0 + 0*k**2 - k + 1. Determine a(0).
1
Let l(c) = c + 1. Let h(a) = 16*a - 1. Let i(r) = h(r) - 3*l(r). Let v(n) = -14*n - 6*n + 0 + 6. Let s(p) = -8*i(p) - 5*v(p). Calculate s(2).
-6
Let b = 7 - 5. Suppose 4*z - 5 = 3*s, -s + b = 2*z - 3. Let p(t) = -5*t**3 + t**2 - t + 1. What is p(s)?
-4
Let p(h) = -h + 6. Let l(c) = -c + 5. Let u(v) = 7*l(v) - 6*p(v). Let t = -2 - -1. Calculate u(t).
0
Let v(c) = -c**2 + c - 1. Let j(k) = 5*k**2 - 3*k + 4. Let q(x) = -j(x) - 4*v(x). What is q(-1)?
0
Let y = 16 - 12. Let f(u) = 6 + u**2 + y*u + u + 2*u. Give f(-4).
-6
Let o(k) be the third derivative of 2*k**6/15 - k**5/30 - k**4/24 + 11*k**2. Determine o(-1).
-17
Suppose 4*c - 19 = 5*x, 7*x - 2*x + 7 = 2*c. Let f = -8 + c. Let u(w) = w + 4. Calculate u(f).
2
Let k = -6 + 4. Let i(c) = 1 + 5 + 5*c - 3. Calculate i(k).
-7
Let t(s) be the third derivative of -1/24*s**4 + 1/240*s**6 - 1/60*s**5 + 0*s**3 + s**2 + 0*s + 0. Let v(f) be the second derivative of t(f). Calculate v(3).
7
Let f(a) be the third derivative of -a**6/120 - a**5/15 + 5*a**4/24 - a**3 + a**2. What is f(-5)?
-6
Let r be 5 - 0 - 3 - 1. Let h(n) = 7*n**3 - 6*n**2 - 7*n - 3. Let i(z) = -z**3 + z**2 + z + 1. Let x(y) = r*h(y) + 5*i(y). Calculate x(2).
10
Suppose -5*b + 28 = -3*b + 5*p, -3*p + 16 = b. Let g(o) = -2*o**2 + 5*o + 4. Determine g(b).
-8
Let h = 1 + -1. Let f(m) be the third derivative of 1/24*m**4 + 0*m + 2*m**2 + 1/60*m**5 - 4/3*m**3 + 0. Determine f(h).
-8
Let u(i) = i**3 + i**2 - i - 19. Suppose -6*p = -p. What is u(p)?
-19
Let y = -89 + 85. Let c(a) = -a**2 + 1. Let z(x) = 7*x**2 + 3*x - 9. Let v(d) = -6*c(d) - z(d). Calculate v(y).
-1
Let v(t) = t**2 - 4*t - 2. Suppose -4*o - 2 = -22. Determine v(o).
3
Let t(k) = 4*k**2 - 3*k**2 + 7 + k**3 + 3*k + 4*k**2. Let h be (-75)/10*(-2)/(-3). What is t(h)?
-8
Let k(l) = -l**3 + 2 + 2*l**2 - 2*l - 4*l + 7*l + 0*l**2. What is k(2)?
4
Let a(m) = m - 8. Let v(u) = u. Let l(d) = -d**2 - 9*d - 6. Let n(k) = l(k) + 2*v(k). Let j be n(-4). Give a(j).
-2
Let s(p) = -p - 7. Let o(q) = q + 15. Let g(f) = 2*o(f) + 5*s(f). Let i be ((-2)/4)/((-6)/(-204)). Let k be 9 + i + (0 - -3). Calculate g(k).
10
Let a(w) = -4*w - 1. Suppose 4*b - 6 = b. Suppose 2 + b = 4*v. Calculate a(v).
-5
Let j = 11 - 6. Suppose 9 = x - 5*h, 3*x + j*h = 1 - 14. Let i(s) = -5*s**2 + 2*s**3 + 5*s**2 + s + 5*s**3. Determine i(x).
-8
Let b = 14 - -3. Let a = b + -18. Let l(y) = 3*y**2 + 1 - 3*y**2 - 2*y**3. Give l(a).
3
Let x(h) = -h**3 + 3*h**2 - h + 4. Let q be x(3). Let n(y) = 4*y**2 - q + 2*y - 2*y - 3*y**2. Let k = -3 - -1. Determine n(k).
3
Let l(n) = -n**2 - n - 1. Suppose -13*q + 12*q - 3 = 0. Determine l(q)